 + 226 = -76. What is the highest common factor of g and i?
6
Let d = 24 + -15. Let s(n) = -19*n - 50. Let t be s(-5). What is the greatest common factor of d and t?
9
Let l be 1 - -12*(-3)/(-3). Let p = -10 - -12. Suppose -5*t - 2*k + 470 = -7*k, -p*k = 6. What is the greatest common factor of l and t?
13
Let z(c) = 4*c + 31. Let f be -2 + 276/27 + 8/(-36). Let y be z(f). Calculate the highest common divisor of y and 27.
9
Suppose -5*r + r = 0. Let k be 37 + -8 + (2/2 - 0). Suppose -2*p + p - 2 = 4*h, -3*p - 3*h + k = r. What is the highest common divisor of 70 and p?
14
Let q(h) = -13*h**3 - 14*h**2 - 25*h + 4. Let g be q(-2). What is the highest common divisor of g and 36?
6
Let x = -1065 - -1072. Let g(y) = 2*y - 5. Let p be g(5). Suppose -r = -m + 64, 3*r + 2*r = -p*m + 310. Calculate the highest common factor of x and m.
7
Let f = -972 - -990. Calculate the highest common divisor of f and 81.
9
Let a(q) = q**2 + 344 + 12*q - 324 + 0*q**2. Let x be a(-11). What is the highest common factor of x and 99?
9
Suppose 6*b - 25 = -7. Let g be 1630/30 - 1/b. Let z = 1 - -5. What is the highest common factor of g and z?
6
Suppose y - 39 = 3*s, -s - 2*s - 165 = -4*y. Calculate the highest common divisor of y and 231.
21
Let a be 133/(-5) - (-12)/20. Let p = -23 - a. Suppose -p*v + 5*v - 4*d + 10 = 0, d + 8 = 4*v. What is the highest common factor of v and 21?
3
Suppose 10*l = -l. Let i(g) = -3*g + 11. Let t be i(l). What is the highest common factor of t and 22?
11
Let p = -861 + 906. What is the greatest common divisor of 72 and p?
9
Let v(l) be the second derivative of -l**5/20 - 5*l**4/12 + 5*l**3/6 - 5*l**2/2 - 10*l. Let k be v(-6). What is the greatest common factor of 5 and k?
1
Let s(l) = 16*l - 24. Let f be s(21). What is the greatest common divisor of f and 24?
24
Suppose -16 = 3*d - 7*d. Suppose 280 = d*i - 0*i. Let x be 42/4*(-4)/(-3). Calculate the greatest common factor of i and x.
14
Let k(m) = -m**3 + 6*m**2 - m + 5. Let b be k(5). Let t = 40 + -32. Suppose -d + g - 5*g + 1 = 0, d = 3*g + t. Calculate the highest common factor of b and d.
5
Let v = 6 - -3. Suppose 4*u - 25 = -v. Suppose 3*x - 8*x + 40 = 0. What is the greatest common divisor of u and x?
4
Suppose 2*f = -2*h + 102, 5*f - 11*h - 225 = -6*h. Calculate the highest common factor of f and 24.
24
Let w = 143 - 116. Suppose 7*t - 3*t - 24 = 0. Let l be (-12)/3*(-27)/t. Calculate the greatest common divisor of l and w.
9
Let z be 18/((-45)/40*8/(-12)). What is the greatest common divisor of 256 and z?
8
Let c(w) = 4*w**2 - 6*w + 45. Let d be c(-11). Calculate the highest common divisor of d and 340.
85
Suppose 2*n = 35 + 93. Let q be (-6)/42 - (-270)/(-21). Let k = 29 + q. Calculate the highest common factor of k and n.
16
Let g(a) = -9*a**3 + 0*a - 2*a - a - 4*a**2 - 2 + 0*a**3. Let o be g(-2). Suppose 2*n - o = -3*n. Calculate the highest common factor of n and 30.
6
Let a = -206 + 80. Let t be (12/(-7))/(27/a). What is the greatest common divisor of 24 and t?
8
Let c(l) = -26*l + 3. Let n be c(-5). Let w(m) = 2*m**3 - 3*m**2 + 2*m. Let o be w(3). Let g = n - o. Calculate the greatest common divisor of g and 20.
20
Suppose -18*y = -12*y - 108. Let b(m) = m**3 - 2*m**2 - 8*m + 9. Let p be b(7). What is the highest common divisor of y and p?
18
Suppose -5148 + 402 = -7*r. Suppose -r = -7*k - 188. Calculate the greatest common factor of k and 14.
14
Suppose -73 = -11*v + 92. Let c(n) = 4*n**3 - 4*n. Let w be c(-4). Let m be w/(-2) + 1 + -1. Calculate the highest common factor of m and v.
15
Let f be 4*3/(-12)*-2. Let h = f - -19. What is the greatest common factor of h and 42?
21
Suppose 0 = -6*d + 2*d + 16. Suppose 0*i + 5*r + 308 = 4*i, d*i - r - 308 = 0. Let t = -10 - -21. What is the highest common divisor of i and t?
11
Let v = -6 + 24. Suppose 2*l + v = 58. Suppose -12 = -4*s, 2*h + h - 27 = -s. What is the greatest common divisor of l and h?
4
Suppose 6*q - 55 = -3*x + 2*q, q + 16 = x. Suppose x*j = 59 + 43. Calculate the highest common divisor of j and 30.
6
Let j be (-7)/((-9)/(-12) - 1). Let p = 131 + -103. What is the highest common divisor of j and p?
28
Let s = 10 - 25. Let g be s/2*(-864)/40. Calculate the greatest common divisor of 18 and g.
18
Let d = -48 - -106. Suppose -3*b + 86 + d = 0. What is the highest common factor of b and 32?
16
Let c be (-5)/((-5)/(-3)) - -183. Let b = 942 + -927. Calculate the highest common divisor of c and b.
15
Let t(v) = 3*v + 35. Let m be t(15). Let i(k) = 17*k - 2. Let d be i(2). Calculate the highest common divisor of d and m.
16
Let c = 104 - 106. Let s be 2 + c + 220 + -3. Calculate the greatest common factor of 31 and s.
31
Let i be (-1)/(-2)*8 - -6. Let y = i + -2. What is the highest common factor of 32 and y?
8
Let j = -9 - 7. Let z = 8 - j. Calculate the highest common divisor of z and 216.
24
Suppose -3*s + g = -120, -45 = -s - 2*g - 5. Suppose 4*q = 5*n + s, 5*q - 6*n = -n + 50. What is the highest common factor of 70 and q?
10
Suppose 5*y + m = 7, 0 = 2*m + 2*m + 12. Let q(k) = k**2 + 15*k - 48. Let x be q(-18). What is the greatest common factor of x and y?
2
Suppose -b - c - 2*c + 12 = 0, 4*c = 2*b - 24. Let f = 2037 - 1905. What is the highest common factor of b and f?
12
Suppose f - 5*f = 2*t - 580, 2*f = -2*t + 292. Suppose -8*n + f = -4*n. Calculate the highest common divisor of n and 54.
18
Let b = -732 - -735. Let l be -1 + 2 + -3 + 0. Let g be (0 + b)/(3 + l). Calculate the highest common divisor of 24 and g.
3
Let c be (-12)/2 - (-9 + -11). What is the greatest common factor of c and 63?
7
Suppose 4*o - o - 1044 = 3*p, -3*p + 1406 = 4*o. Calculate the highest common divisor of o and 50.
50
Suppose -26 = -3*n - 5*g, 4*n + 0*g = 3*g - 4. What is the greatest common divisor of 194 and n?
2
Let n(u) = u**2 + 1. Let t be n(-2). Let k be (-5)/t - (-6 + 2). What is the highest common divisor of k and 9?
3
Let r be (0 - -1)/((-2)/(-22)). Let s be (-1)/(-1) - (r + -14). What is the highest common factor of 18 and s?
2
Suppose k = -0*k + 11. Suppose -k*d + 8*d + 210 = 0. Suppose d = -2*x + 7*x. Calculate the greatest common factor of x and 28.
14
Let t = 11 - 8. Let l be -11 - (-19 - 30/(-6)). What is the greatest common divisor of l and t?
3
Suppose 21*q - 91 = 161. What is the highest common divisor of 3 and q?
3
Suppose -7*o + 3 = -q - 5*o, 12 = 5*q - o. Let v = 0 - -1. What is the highest common divisor of q and v?
1
Let w = -54 - -90. Calculate the greatest common factor of 90 and w.
18
Let b = 47 + -45. Let a be 1/b - (7 + 178/(-4)). What is the highest common factor of a and 418?
38
Let w = -60 + 93. Let b be (0 + 6)*w/2. Calculate the highest common divisor of b and 66.
33
Suppose -3*o - o = -20. Suppose 2*d - 3*g + g = 152, 0 = -4*d + o*g + 305. Calculate the highest common factor of 45 and d.
15
Let x be ((-3)/(-6) + 1)*778. Suppose 359 - x = -4*b. Suppose 4*p = 4*u - 138 - b, -97 = -u + 4*p. What is the highest common divisor of u and 9?
9
Let g(n) = n**2 - 68*n - 1122. Let f be g(-14). Calculate the greatest common divisor of f and 3874.
26
Suppose -19 = 5*t - 79. Let o(s) = s**3 - 20*s**2 - 20*s - 5. Let w be o(21). Calculate the highest common factor of w and t.
4
Suppose 0 = -3*r - o + 20, -3*r + r = 2*o - 20. Calculate the highest common factor of r and 95.
5
Suppose -s + 107 = 2*o - 138, 0 = 5*o + s - 620. What is the highest common factor of o and 75?
25
Let v(k) = 17*k + 4. Let a(u) = u. Let n(f) = -a(f) - v(f). Suppose -x - 2 = 4. Let s be n(x). What is the highest common divisor of 13 and s?
13
Suppose -5*v = 3*x - 841, x + 4*v = 130 + 141. Calculate the greatest common divisor of 82 and x.
41
Let f be (-21)/63 + (-2705)/(-15). What is the highest common divisor of f and 780?
60
Let c(v) = -3*v - 11. Suppose -3 + 6 = -x. Let q(r) = -r**2 + 4. Let s be q(x). Let b be c(s). What is the highest common divisor of 12 and b?
4
Let l(i) = -398*i - 22. Let z be l(-1). Calculate the greatest common divisor of 47 and z.
47
Suppose 297*y + 304 = 301*y. Calculate the greatest common factor of y and 2432.
76
Suppose -1224 = -4*w - 1088. What is the highest common factor of w and 323?
17
Suppose -5*z + 7561 - 2086 = 0. Calculate the greatest common divisor of 15 and z.
15
Suppose 3*k + i + 18 - 63 = 0, 5